{"id":6795,"date":"2021-01-08T20:05:35","date_gmt":"2021-01-08T20:05:35","guid":{"rendered":"https:\/\/grappling-italia.com\/shop\/?post_type=product&#038;p=6795"},"modified":"2026-02-26T13:24:56","modified_gmt":"2026-02-26T13:24:56","slug":"francesco-fonte-concetti-e-tecniche-della-guardia-chiusa","status":"publish","type":"product","link":"https:\/\/grappling-italia.com\/shop\/prodotto\/francesco-fonte-concetti-e-tecniche-della-guardia-chiusa\/","title":{"rendered":"Francesco Fonte &#8211; Concetti e tecniche della guardia chiusa"},"content":{"rendered":"<p>Francesco Fonte \u00e8 cintura nera di Octavio Couto. Si allena regolarmente con il &#8220;Danaher Europeo&#8221; Priit Mihkelson, e in questo corso ci mostra <strong>Concetti e tecniche della guardia chiusa<\/strong>.<\/p>\n<p>Lo so, lo so, vi sento gi\u00e0 gridare :&#8221;<em>Guardia chiusa nel 2021? Ma che davvero? Adesso va di moda inversed Bozzolo guard con single lapel grip!<\/em>&#8221;<\/p>\n<p>Lo sappiamo, ed \u00e8 <strong>esattamente questa la ragione perch\u00e8 c&#8217;\u00e8 bisogno di un video del genere<\/strong> come PRIMO video.<\/p>\n<p>Se i tuoi fondamentali fanno ridere, il tuo jiu-jitsu fa ridere.<\/p>\n<p>Non ci interessa cosa stia andando di moda! Le mode passano, i fondamentali rimangono.<\/p>\n<p>Continuate a cercare la tecnica segreta che vi far\u00e0 vincere (piccolo suggerimento: probabilmente non la troverete) e vi dimenticate i fondamentali.<\/p>\n<p>Il 90% delle guardie chiuse che si vedono in giro sono mediocri quando va bene; inutili, sbagliate e dannose quando va male.<\/p>\n<p>In questo video non ci interessa insegnarvi 300 tecniche spettacolari, che funzionano solo se il tuo compagno sta fermo come un ciddone ma che \u00e8 impossibile che entrino mai quando fate rolling (in gara non parliamone).<\/p>\n<p>In questo video scoprirai come muoverti tenendo la guardia chiusa, quali sono i concetti chiave che comandano ogni tipo di gioco, e dei particolari delle finalizzazioni che ne aumentano l&#8217;efficacia di 10 volte.<\/p>\n<h3>&#8220;Fondamentali? Eccheppalle!&#8221;<\/h3>\n<p>So anche che i fondamentali vendono meno perch\u00e8 non potete fare i fighi, ma questo non ci interessa.<\/p>\n<p><strong>Volete una guardia solida e aggressiva?<\/strong> Partite da qui.<\/p>\n<p>Francesco mostra dei concetti (e la loro applicazione) applicabili da subito. Oggi lo studi, e stasera puoi gi\u00e0 testarlo sul tatami. Alcuni piccoli accorgimenti (tipo il Rock Bottom) sono cos\u00ec ovvi che, quando li vedi, ti chiederai come hai fatto a lottare senza saperli&#8230; (c&#8217;\u00e8 un termine in psicologia comportamentale per questo: l&#8217;<em>ovvio elusivo<\/em> &#8211; quando un concetto \u00e8 sotto gli occhi di tutti ma nessuno lo vede, e solo quando \u00e8 stato svelato diventa chiaro. Nel jiu-jitsu questo succede spessissimo).<\/p>\n<h2>Cosa imparo in questo video?<\/h2>\n<p>Cosa fa la differenza tra una guardia chiusa penosa che si passa in 16 secondi, e una guardia chiusa VERA di quelle aggressive e allo stesso tempo che non dia spazi per prendere schiaffi?<\/p>\n<p>Insomma una di quelle che hanno superato la prova del fuoco di decine di\u00a0 anni di valetudo e dei primi UFC?<\/p>\n<p>Una volta imparati i concetti base allora ci saranno delle tecniche, dei particolari come non fare alzare l&#8217;avversario, dei movimenti che puoi fare tu per prevenire le difese pi\u00f9 comuni, alcune sequenze per armlock, omoplata, il marchio di fabbrica di Francesco, l&#8217;inverted armbar e tanto altro.<\/p>\n<h2>Per chi non \u00e8 questo video<\/h2>\n<ul>\n<li>Le cinture Marroni e Nere ovviamente hanno gi\u00e0 il livello per applicare queste tecniche: questo corso\u00a0 non \u00e8 per voi (forse).<\/li>\n<li>Quelli che cercano la tecnica ninja spettacolare per fare i fighi in palestra: questo corso non \u00e8 per voi.<\/li>\n<li>Quelli a cui basta avere una conoscenza del jiu-jitsu a livello di youtube: questo corso\u00a0 non \u00e8 per voi.<\/li>\n<\/ul>\n<h2>Per chi \u00e8 questo video?<\/h2>\n<ul>\n<li>Ogni cintura bianca, blu (e qualche viola che non fa pi\u00f9 guardia chiusa) dovrebbe prenderlo e farlo suo.<\/li>\n<li>Chi non sa nulla di brazilian jiu-jitsu e vuole cominciare con le fondamenta pi\u00f9 solide possibili.<\/li>\n<li>Cinture Viola Marroni e Nere molto forti in competizione che hanno deciso di insegnare e che hanno bisogno di capire quali sono i particolari che le cinture pi\u00f9 basse non conoscono.<\/li>\n<\/ul>\n<h2>Chi \u00e8 Francesco Fonte? Ma come insegna?<\/h2>\n<p>Cintura Nera da diversi anni, ha la sua accademia di Bjj &amp; MMA in Germania, dove \u00e8 head coach della Next Level MMA.<\/p>\n<p>BJJ Fanatics (quello di Bernardo Faria e lo stesso che vende i DVD di <strong>Danaher<\/strong>) ha appena fatto uscire un suo DVD\u00a0 &#8211; <strong>specifico sulla postura,<\/strong> BJJ Globetrotter (la migliore fonte di seminari al mondo) ha due sue classi di circa 30 minuti l&#8217;una.<\/p>\n<p>Dicono di lui:<\/p>\n<p><em><span id=\"222182094-ada-summary-text\" class=\"sr-only\">I<\/span><span id=\"222182094-ada-title-text\" class=\"sr-only\">t changes your game immediately <\/span>Plain and simple: a must watch dvd, to avoid years looking for the logical explanation on how to use posture the correct way . It works right way, experts and beginners. Go for it. &#8211;<\/em> Mario P, cintura nera<\/p>\n<h3>Insegna davvero cos\u00ec bene?<\/h3>\n<p>Dai un occhio qui per vedere come insegna.<\/p>\n<p><iframe title=\"Zen Camp 2020:  Sweeps from side control with Francesco Fonte\" width=\"1290\" height=\"726\" src=\"https:\/\/www.youtube.com\/embed\/sBoXtWy1sDQ?feature=oembed\" frameborder=\"0\" allow=\"accelerometer; autoplay; clipboard-write; encrypted-media; gyroscope; picture-in-picture; web-share\" referrerpolicy=\"strict-origin-when-cross-origin\" allowfullscreen><\/iframe><\/p>\n<p>&nbsp;<\/p>\n<h2>Qualche estratto<\/h2>\n<p><iframe title=\"Estratto dal corso: Francesco Fonte - Concetti e tecniche della guardia chiusa\" width=\"1290\" height=\"726\" src=\"https:\/\/www.youtube.com\/embed\/UVSmKTrh9_s?feature=oembed\" frameborder=\"0\" allow=\"accelerometer; autoplay; clipboard-write; encrypted-media; gyroscope; picture-in-picture; web-share\" referrerpolicy=\"strict-origin-when-cross-origin\" allowfullscreen><\/iframe><\/p>\n<p>&nbsp;<\/p>\n<h2>Quanto costa?<\/h2>\n<p>Il costo \u00e8 36 euro, che \u00e8 tanto se lo raffrontate a un panino o se credete che Youtube sia la soluzione di tutto mentre \u00e8 pochissimo se frequentate una palestra e sapete quanto costa la formazione di valore.<\/p>\n<h2>Mi hai quasi convinto&#8230; cosa ottengo quando lo compro?<\/h2>\n<p>Come prima cosa il tuo jiu-jitsu far\u00e0 meno schifo.<\/p>\n<p>Se sei cintura nera e insegni avrai delle dritte da dare alle tue cinture bianche, blu e viola e questi te ne saranno grati per sempre.<\/p>\n<p>Dal punto di vista tecnico hai una serie di lezioni per una durata complessiva di circa 60 minuti che coprono:<\/p>\n<ul>\n<li>Introduzione<\/li>\n<li>Come fare postura (perch\u00e8 non se ne pu\u00f2 pi\u00f9 di vedere uke che compiono errori!)<\/li>\n<li>Linea delle spalle, del bacino, delle ginocchia: che correlazione hanno? In quale combinazione si finalizza meglio?<\/li>\n<li>Come muoversi quando si \u00e8 schiena a terra in una guardia chiusa senza sembrare una tartaruga ribaltata.<\/li>\n<li>Come usare le spalle per cambiare angoli e distanze, senza dove per forza aprire la guardia (e farsi passare come un ciddone).<\/li>\n<li>Il &#8220;Rock Bottom&#8221; per diventare quasi impossibili da sollevare anche se pesi 60 kili bagnato.<\/li>\n<li>Hanging: cosa \u00e8 e a cosa serve. &#8220;La piccola differenza che potrebbe fare una grossa differenza&#8221;.<\/li>\n<li>Guardia chiusa: battaglia per le prese, angoli, rompere la postura.<\/li>\n<li>Armbar: difendersi dallo stacking<\/li>\n<li>Da difesa da armbar ad omoplata, con dettaglio del movimento per chiudere.<\/li>\n<li>Altri modi di finalizzare quando l&#8217;avversario difende.<\/li>\n<li>Altre applicazioni dell&#8217;Hanging per finalizzare (una kimura strettissima!)<\/li>\n<li>Sweeps &#8211; Concetti e applicazioni, da ogni angolazione<\/li>\n<li>Dettaglio: come rompere la postura nel modo corretto (per ottenere uno sweep) &#8211; come la posizione del braccio permette pi\u00f9 libert\u00e0 di movimento<\/li>\n<li>Concetto chiave degli Sweeps &#8211; Ecco perch\u00e8 non riesci a far ribaltare l&#8217;avversario<\/li>\n<li>Flower sweep e Scissor Sweep<\/li>\n<li>Cosa fare quando difendono la Scissor sweep puntanto le mani. (Lo Ribalti dall&#8217;altra parte, baby!)<\/li>\n<li>La seconda direzione di movimento, come non farsi intrappolare quando l&#8217;avversaio fa stacking<\/li>\n<li>Quando l&#8217;uke mette pressione (con o senza underhook) e come ricreare lo spazio necessario.<\/li>\n<li>Inverted Armbar, e suo uso come setup ( che Ronda Rousey spostati proprio) &#8211; Come mettere in sequenza l&#8217;armbar classico all&#8217;inverso<\/li>\n<li>Come fare sweep e prendere la schiena direttamente.<\/li>\n<li>Guardia chiusa in un contesto dove sono previsti dei colpi (come nelle MMA)<\/li>\n<\/ul>\n<h2>Mi spedisci il DVD? O avr\u00f2 un download immediato del corso?<\/h2>\n<p>Siamo nel 2021, appena effettuato l&#8217;ordine verra re-indirizzato alla pagina di download del file.<br \/>\ned ecco cosa ti ritroverai dentro.<\/p>\n<p><img fetchpriority=\"high\" decoding=\"async\" class=\"alignnone size-large wp-image-6932\" src=\"https:\/\/s3.eu-central-1.amazonaws.com\/gitalia.shop.img\/shop\/wp-content\/uploads\/2021\/01\/22085050\/FrancescoFonte-Concetti-della-guardia-chiusa-tracklist-1024x633.jpg\" alt=\"\" width=\"1024\" height=\"633\" srcset=\"https:\/\/s3.eu-central-1.amazonaws.com\/gitalia.shop.img\/shop\/wp-content\/uploads\/2021\/01\/22085050\/FrancescoFonte-Concetti-della-guardia-chiusa-tracklist-1024x633.jpg 1024w, https:\/\/s3.eu-central-1.amazonaws.com\/gitalia.shop.img\/shop\/wp-content\/uploads\/2021\/01\/22085050\/FrancescoFonte-Concetti-della-guardia-chiusa-tracklist-600x371.jpg 600w, https:\/\/s3.eu-central-1.amazonaws.com\/gitalia.shop.img\/shop\/wp-content\/uploads\/2021\/01\/22085050\/FrancescoFonte-Concetti-della-guardia-chiusa-tracklist-300x186.jpg 300w, https:\/\/s3.eu-central-1.amazonaws.com\/gitalia.shop.img\/shop\/wp-content\/uploads\/2021\/01\/22085050\/FrancescoFonte-Concetti-della-guardia-chiusa-tracklist-768x475.jpg 768w, https:\/\/s3.eu-central-1.amazonaws.com\/gitalia.shop.img\/shop\/wp-content\/uploads\/2021\/01\/22085050\/FrancescoFonte-Concetti-della-guardia-chiusa-tracklist-150x93.jpg 150w, https:\/\/s3.eu-central-1.amazonaws.com\/gitalia.shop.img\/shop\/wp-content\/uploads\/2021\/01\/22085050\/FrancescoFonte-Concetti-della-guardia-chiusa-tracklist.jpg 1200w\" sizes=\"(max-width: 1024px) 100vw, 1024px\" \/><\/p>\n","protected":false},"excerpt":{"rendered":"<p>Francesco Fonte \u00e8 cintura nera di Octavio Couto. Si allena regolarmente con il &#8220;Danaher Europeo&#8221; Priit Mihkelson, e in questo corso ci mostra <strong>Concetti e tecniche della guardia chiusa<\/strong>.<\/p>\n<p>Lo so, lo so, vi sento gi\u00e0 gridare :&#8221;<em>Guardia chiusa nel 2021? Ma che davvero? Adesso va di moda inversed Bozzolo guard con single lapel grip!<\/em>&#8221;<\/p>\n<p>Lo sappiamo, ed \u00e8 <strong>esattamente questa la ragione perch\u00e8 c&#8217;\u00e8 bisogno di un video del genere<\/strong> come PRIMO video.<\/p>\n<p>Se i tuoi fondamentali fanno ridere, il tuo jiu-jitsu fa ridere.<\/p>\n<p>Non ci interessa cosa stia andando di moda! Le mode passano, i fondamentali rimangono.<\/p>\n<p>Continuate a cercare la tecnica segreta che vi far\u00e0 vincere (piccolo suggerimento: probabilmente non la troverete) e vi dimenticate i fondamentali.<\/p>\n<p>Il 90% delle guardie chiuse che si vedono in giro sono mediocri quando va bene; inutili, sbagliate e dannose quando va male.<\/p>\n<p>In questo video non ci interessa insegnarvi 300 tecniche spettacolari, che funzionano solo se il tuo compagno sta fermo come un ciddone ma che \u00e8 impossibile che entrino mai quando fate rolling (in gara non parliamone).<\/p>\n<p>In questo video scoprirai come muoverti tenendo la guardia chiusa, quali sono i concetti chiave che comandano ogni tipo di gioco, e dei particolari delle finalizzazioni che ne aumentano l&#8217;efficacia di 10 volte.<\/p>\n<h3>&#8220;Fondamentali? Eccheppalle!&#8221;<\/h3>\n<p>So anche che i fondamentali vendono meno perch\u00e8 non potete fare i fighi, ma questo non ci interessa.<\/p>\n<p><strong>Volete una guardia solida e aggressiva?<\/strong> Partite da qui.<\/p>\n<p>Francesco mostra dei concetti (e la loro applicazione) applicabili da subito. Oggi lo studi, e stasera puoi gi\u00e0 testarlo sul tatami. Alcuni piccoli accorgimenti (tipo il Rock Bottom) sono cos\u00ec ovvi che, quando li vedi, ti chiederai come hai fatto a lottare senza saperli&#8230; (c&#8217;\u00e8 un termine in psicologia comportamentale per questo: l&#8217;<em>ovvio elusivo<\/em> &#8211; quando un concetto \u00e8 sotto gli occhi di tutti ma nessuno lo vede, e solo quando \u00e8 stato svelato diventa chiaro. Nel jiu-jitsu questo succede spessissimo).<\/p>\n<h2>Cosa imparo in questo video?<\/h2>\n<p>Cosa fa la differenza tra una guardia chiusa penosa che si passa in 16 secondi, e una guardia chiusa VERA di quelle aggressive e allo stesso tempo che non dia spazi per prendere schiaffi?<\/p>\n<p>Insomma una di quelle che hanno superato la prova del fuoco di decine di\u00a0 anni di valetudo e dei primi UFC?<\/p>\n<p>Una volta imparati i concetti base allora ci saranno delle tecniche, dei particolari come non fare alzare l&#8217;avversario, dei movimenti che puoi fare tu per prevenire le difese pi\u00f9 comuni, alcune sequenze per armlock, omoplata, il marchio di fabbrica di Francesco, l&#8217;inverted armbar e tanto altro.<\/p>\n<h2>Per chi non \u00e8 questo video<\/h2>\n<ul>\n<li>Le cinture Marroni e Nere ovviamente hanno gi\u00e0 il livello per applicare queste tecniche: questo corso\u00a0 non \u00e8 per voi (forse).<\/li>\n<li>Quelli che cercano la tecnica ninja spettacolare per fare i fighi in palestra: questo corso non \u00e8 per voi.<\/li>\n<li>Quelli a cui basta avere una conoscenza del jiu-jitsu a livello di youtube: questo corso\u00a0 non \u00e8 per voi.<\/li>\n<\/ul>\n<h2>Per chi \u00e8 questo video?<\/h2>\n<ul>\n<li>Ogni cintura bianca, blu (e qualche viola che non fa pi\u00f9 guardia chiusa) dovrebbe prenderlo e farlo suo.<\/li>\n<li>Chi non sa nulla di brazilian jiu-jitsu e vuole cominciare con le fondamenta pi\u00f9 solide possibili.<\/li>\n<li>Cinture Viola Marroni e Nere molto forti in competizione che hanno deciso di insegnare e che hanno bisogno di capire quali sono i particolari che le cinture pi\u00f9 basse non conoscono.<\/li>\n<\/ul>\n<h2>Chi \u00e8 Francesco Fonte? Ma come insegna?<\/h2>\n<p>Cintura Nera da diversi anni, ha la sua accademia di Bjj &amp; MMA in Germania, dove \u00e8 head coach della Next Level MMA.<\/p>\n<p>BJJ Fanatics (quello di Bernardo Faria e lo stesso che vende i DVD di <strong>Danaher<\/strong>) ha appena fatto uscire un suo DVD\u00a0 &#8211; <strong>specifico sulla postura,<\/strong> BJJ Globetrotter (la migliore fonte di seminari al mondo) ha due sue classi di circa 30 minuti l&#8217;una.<\/p>\n<p>Dicono di lui:<\/p>\n<p><em><span id=\"222182094-ada-summary-text\" class=\"sr-only\">I<\/span><span id=\"222182094-ada-title-text\" class=\"sr-only\">t changes your game immediately <\/span>Plain and simple: a must watch dvd, to avoid years looking for the logical explanation on how to use posture the correct way . It works right way, experts and beginners. Go for it. &#8211;<\/em> Mario P, cintura nera<\/p>\n<h3>Insegna davvero cos\u00ec bene?<\/h3>\n<p>Dai un occhio qui per vedere come insegna.<\/p>\n<p>https:\/\/www.youtube.com\/watch?v=sBoXtWy1sDQ<\/p>\n<p>&nbsp;<\/p>\n<h2>Qualche estratto<\/h2>\n<p>https:\/\/youtu.be\/UVSmKTrh9_s<\/p>\n<p>&nbsp;<\/p>\n<h2>Quanto costa?<\/h2>\n<p>Il costo \u00e8 36 euro, che \u00e8 tanto se lo raffrontate a un panino o se credete che Youtube sia la soluzione di tutto mentre \u00e8 pochissimo se frequentate una palestra e sapete quanto costa la formazione di valore.<\/p>\n<h2>Mi hai quasi convinto&#8230; cosa ottengo quando lo compro?<\/h2>\n<p>Come prima cosa il tuo jiu-jitsu far\u00e0 meno schifo.<\/p>\n<p>Se sei cintura nera e insegni avrai delle dritte da dare alle tue cinture bianche, blu e viola e questi te ne saranno grati per sempre.<\/p>\n<p>Dal punto di vista tecnico hai una serie di lezioni per una durata complessiva di circa 60 minuti che coprono:<\/p>\n<ul>\n<li>Introduzione<\/li>\n<li>Come fare postura (perch\u00e8 non se ne pu\u00f2 pi\u00f9 di vedere uke che compiono errori!)<\/li>\n<li>Linea delle spalle, del bacino, delle ginocchia: che correlazione hanno? In quale combinazione si finalizza meglio?<\/li>\n<li>Come muoversi quando si \u00e8 schiena a terra in una guardia chiusa senza sembrare una tartaruga ribaltata.<\/li>\n<li>Come usare le spalle per cambiare angoli e distanze, senza dove per forza aprire la guardia (e farsi passare come un ciddone).<\/li>\n<li>Il &#8220;Rock Bottom&#8221; per diventare quasi impossibili da sollevare anche se pesi 60 kili bagnato.<\/li>\n<li>Hanging: cosa \u00e8 e a cosa serve. &#8220;La piccola differenza che potrebbe fare una grossa differenza&#8221;.<\/li>\n<li>Guardia chiusa: battaglia per le prese, angoli, rompere la postura.<\/li>\n<li>Armbar: difendersi dallo stacking<\/li>\n<li>Da difesa da armbar ad omoplata, con dettaglio del movimento per chiudere.<\/li>\n<li>Altri modi di finalizzare quando l&#8217;avversario difende.<\/li>\n<li>Altre applicazioni dell&#8217;Hanging per finalizzare (una kimura strettissima!)<\/li>\n<li>Sweeps &#8211; Concetti e applicazioni, da ogni angolazione<\/li>\n<li>Dettaglio: come rompere la postura nel modo corretto (per ottenere uno sweep) &#8211; come la posizione del braccio permette pi\u00f9 libert\u00e0 di movimento<\/li>\n<li>Concetto chiave degli Sweeps &#8211; Ecco perch\u00e8 non riesci a far ribaltare l&#8217;avversario<\/li>\n<li>Flower sweep e Scissor Sweep<\/li>\n<li>Cosa fare quando difendono la Scissor sweep puntanto le mani. (Lo Ribalti dall&#8217;altra parte, baby!)<\/li>\n<li>La seconda direzione di movimento, come non farsi intrappolare quando l&#8217;avversaio fa stacking<\/li>\n<li>Quando l&#8217;uke mette pressione (con o senza underhook) e come ricreare lo spazio necessario.<\/li>\n<li>Inverted Armbar, e suo uso come setup ( che Ronda Rousey spostati proprio) &#8211; Come mettere in sequenza l&#8217;armbar classico all&#8217;inverso<\/li>\n<li>Come fare sweep e prendere la schiena direttamente.<\/li>\n<li>Guardia chiusa in un contesto dove sono previsti dei colpi (come nelle MMA)<\/li>\n<\/ul>\n<h2>Mi spedisci il DVD? O avr\u00f2 un download immediato del corso?<\/h2>\n<p>Siamo nel 2021, appena effettuato l&#8217;ordine verra re-indirizzato alla pagina di download del file.<br \/>\ned ecco cosa ti ritroverai dentro.<\/p>\n<p><img fetchpriority=\"high\" decoding=\"async\" class=\"alignnone size-large wp-image-6932\" src=\"https:\/\/s3.eu-central-1.amazonaws.com\/gitalia.shop.img\/shop\/wp-content\/uploads\/2021\/01\/22085050\/FrancescoFonte-Concetti-della-guardia-chiusa-tracklist-1024x633.jpg\" alt=\"\" width=\"1024\" height=\"633\" srcset=\"https:\/\/s3.eu-central-1.amazonaws.com\/gitalia.shop.img\/shop\/wp-content\/uploads\/2021\/01\/22085050\/FrancescoFonte-Concetti-della-guardia-chiusa-tracklist-1024x633.jpg 1024w, https:\/\/s3.eu-central-1.amazonaws.com\/gitalia.shop.img\/shop\/wp-content\/uploads\/2021\/01\/22085050\/FrancescoFonte-Concetti-della-guardia-chiusa-tracklist-600x371.jpg 600w, https:\/\/s3.eu-central-1.amazonaws.com\/gitalia.shop.img\/shop\/wp-content\/uploads\/2021\/01\/22085050\/FrancescoFonte-Concetti-della-guardia-chiusa-tracklist-300x186.jpg 300w, https:\/\/s3.eu-central-1.amazonaws.com\/gitalia.shop.img\/shop\/wp-content\/uploads\/2021\/01\/22085050\/FrancescoFonte-Concetti-della-guardia-chiusa-tracklist-768x475.jpg 768w, https:\/\/s3.eu-central-1.amazonaws.com\/gitalia.shop.img\/shop\/wp-content\/uploads\/2021\/01\/22085050\/FrancescoFonte-Concetti-della-guardia-chiusa-tracklist-150x93.jpg 150w, https:\/\/s3.eu-central-1.amazonaws.com\/gitalia.shop.img\/shop\/wp-content\/uploads\/2021\/01\/22085050\/FrancescoFonte-Concetti-della-guardia-chiusa-tracklist.jpg 1200w\" sizes=\"(max-width: 1024px) 100vw, 1024px\" \/><\/p>\n","protected":false},"featured_media":6924,"comment_status":"open","ping_status":"closed","template":"","meta":[],"product_brand":[],"product_cat":[15],"product_tag":[94,69,71,67,68,70,72],"class_list":{"0":"post-6795","1":"product","2":"type-product","3":"status-publish","4":"has-post-thumbnail","6":"product_cat-video","7":"product_tag-beginner","8":"product_tag-bjj","9":"product_tag-concetti","10":"product_tag-francesco-fonte","11":"product_tag-gi","12":"product_tag-guardia-chiusa","13":"product_tag-tecniche","15":"first","16":"instock","17":"downloadable","18":"virtual","19":"purchasable","20":"product-type-simple"},"ct_brands":[],"_links":{"self":[{"href":"https:\/\/grappling-italia.com\/shop\/wp-json\/wp\/v2\/product\/6795","targetHints":{"allow":["GET"]}}],"collection":[{"href":"https:\/\/grappling-italia.com\/shop\/wp-json\/wp\/v2\/product"}],"about":[{"href":"https:\/\/grappling-italia.com\/shop\/wp-json\/wp\/v2\/types\/product"}],"replies":[{"embeddable":true,"href":"https:\/\/grappling-italia.com\/shop\/wp-json\/wp\/v2\/comments?post=6795"}],"version-history":[{"count":19,"href":"https:\/\/grappling-italia.com\/shop\/wp-json\/wp\/v2\/product\/6795\/revisions"}],"predecessor-version":[{"id":6993,"href":"https:\/\/grappling-italia.com\/shop\/wp-json\/wp\/v2\/product\/6795\/revisions\/6993"}],"wp:featuredmedia":[{"embeddable":true,"href":"https:\/\/grappling-italia.com\/shop\/wp-json\/wp\/v2\/media\/6924"}],"wp:attachment":[{"href":"https:\/\/grappling-italia.com\/shop\/wp-json\/wp\/v2\/media?parent=6795"}],"wp:term":[{"taxonomy":"product_brand","embeddable":true,"href":"https:\/\/grappling-italia.com\/shop\/wp-json\/wp\/v2\/product_brand?post=6795"},{"taxonomy":"product_cat","embeddable":true,"href":"https:\/\/grappling-italia.com\/shop\/wp-json\/wp\/v2\/product_cat?post=6795"},{"taxonomy":"product_tag","embeddable":true,"href":"https:\/\/grappling-italia.com\/shop\/wp-json\/wp\/v2\/product_tag?post=6795"}],"curies":[{"name":"wp","href":"https:\/\/api.w.org\/{rel}","templated":true}]}}